16, what is -476 + -3?
-479
In base 11, what is -3 + -47?
-4a
In base 7, what is 56233 + 3?
56236
In base 5, what is 43 + -140?
-42
In base 7, what is -235041 - -4?
-235034
In base 14, what is -20 - -18?
-6
In base 9, what is 23 + 43?
66
In base 5, what is -1 + 234?
233
In base 5, what is -22 + 10334?
10312
In base 16, what is 1 + -1b?
-1a
In base 8, what is 3 - 116?
-113
In base 3, what is 0 + 1002000?
1002000
In base 10, what is 2 + -495?
-493
In base 6, what is 3 - -24242?
24245
In base 11, what is 693 + -3?
690
In base 11, what is 4 + 245?
249
In base 14, what is 84 + -11?
73
In base 12, what is -4 + 73?
6b
In base 14, what is -bc - 15?
-d3
In base 12, what is 1 + -247?
-246
In base 14, what is 7 - 41b?
-414
In base 4, what is 103222 + 3?
103231
In base 13, what is 55 + 3?
58
In base 3, what is 11 + 111011?
111022
In base 10, what is -18 - 2?
-20
In base 10, what is 6 + -900?
-894
In base 16, what is 66 + -17?
4f
In base 6, what is -104 + -4?
-112
In base 5, what is -10143 - -10?
-10133
In base 4, what is -1020 - 31?
-1111
In base 4, what is -3003 + -11?
-3020
In base 16, what is -2d + ec?
bf
In base 2, what is -10 - 1000?
-1010
In base 6, what is -100 - 2?
-102
In base 13, what is -805 + -1?
-806
In base 4, what is 2 + -101231?
-101223
In base 13, what is 1c + -44?
-25
In base 14, what is 17 + 68?
81
In base 11, what is 91 + -23?
69
In base 16, what is -a + 85?
7b
In base 3, what is 11 + 21021?
21102
In base 13, what is 5 - 82?
-7a
In base 6, what is 245 + 5?
254
In base 2, what is -10001 + 100111000?
100100111
In base 13, what is 83 - 4?
7c
In base 2, what is -10011100010 + -10?
-10011100100
In base 9, what is 61 + 2?
63
In base 15, what is 3 - 20?
-1c
In base 15, what is -2 + c74?
c72
In base 11, what is 8007 - -2?
8009
In base 3, what is -210 + -12?
-222
In base 10, what is 1272 - -1?
1273
In base 12, what is 3 - -b0?
b3
In base 7, what is 4100 + 10?
4110
In base 6, what is -13154 - 4?
-13202
In base 15, what is -8 - 3c?
-45
In base 5, what is -22000 + 4?
-21441
In base 6, what is -5433 - 4?
-5441
In base 14, what is -208c + 4?
-2088
In base 13, what is 0 - -1912?
1912
In base 6, what is 2 - 221?
-215
In base 11, what is -2011 - -3?
-2009
In base 7, what is -523 + 23?
-500
In base 8, what is -1501 + 4?
-1475
In base 4, what is -233 - 1?
-300
In base 9, what is -1 - -128?
127
In base 15, what is -1b + 10?
-b
In base 5, what is -422 + 0?
-422
In base 10, what is -846 - 10?
-856
In base 12, what is -2 + -15?
-17
In base 12, what is -7 + 6?
-1
In base 14, what is -8 + 197?
18d
In base 3, what is -222 + -12?
-1011
In base 8, what is 1734 - 0?
1734
In base 2, what is -1011 - -10011001?
10001110
In base 16, what is -d6 + -1?
-d7
In base 9, what is 1 - 48?
-47
In base 5, what is 12 + -10?
2
In base 12, what is -1b - 7?
-26
In base 5, what is -3411 + 10?
-3401
In base 9, what is -20810 + 1?
-20808
In base 6, what is -31 + -1?
-32
In base 13, what is -6 - 49?
-52
In base 7, what is 161 + 232?
423
In base 3, what is 2020020 + 20?
2020110
In base 2, what is 11100000 + 1001?
11101001
In base 16, what is -3 - 1a2?
-1a5
In base 10, what is 2790 - -2?
2792
In base 12, what is -1 + 13b?
13a
In base 13, what is -17 - -9?
-b
In base 16, what is -8 - 53b?
-543
In base 10, what is -781 + -13?
-794
In base 9, what is 87 + 3?
101
In base 15, what is -4 - 98?
-9c
In base 14, what is b + -20?
-13
In base 13, what is 74 + 5?
79
In base 6, what is 0 + 23?
23
In base 7, what is 142 + -25?
114
In base 8, what is -267 - -5?
-262
In base 15, what is -564 - 8?
-56c
In base 12, what is -7 - -a3?
98
In base 6, what is 23 - 22?
1
In base 10, what is -187 - 9?
-196
In base 2, what is 1000 + -1001?
-1
In base 5, what is 41 - 11403?
-11312
In base 7, what is 26 + 12?
41
In base 11, what is -1517 + -2?
-1519
In base 13, what is 5 + 67c?
684
In base 9, what is 34 - 2?
32
In base 12, what is 3 + -1055?
-1052
In base 13, what is -57 + -1?
-58
In base 4, what is -1 - -31120?
31113
In base 5, what is 1 - -2101?
2102
In base 5, what is 104224 + -12?
104212
In base 5, what is -1 - 33?
-34
In base 8, what is 1 + -7616?
-7615
In base 2, what is -1101101 + -1011?
-1111000
In base 9, what is 4473 + -8?
4464
In base 4, what is 0 + -1133?
-1133
In base 14, what is -2 + -1b34?
-1b36
In base 3, what is 120010 + 0?
120010
In base 8, what is 5 - 3070?
-3063
In base 4, what is 23 + -12311?
-12222
In base 13, what is -1 + -331?
-332
In base 4, what is 11 + 312?
323
In base 10, what is -1035 - -3?
-1032
In base 2, what is 0 - -11101101?
11101101
In base 10, what is 73 - -1?
74
In base 5, what is -21 + 2?
-14
In base 12, what is -1 - -1462?
1461
In base 8, what is -21 + -3?
-24
In base 16, what is 1 + -18?
-17
In base 3, what is 0 - 1011011?
-1011011
In base 9, what is 1212 - -2?
1214
In base 3, what is -10211221 - 10?
-10212001
In base 4, what is 1 + 1023?
1030
In base 4, what is -3111 - 3?
-3120
In base 4, what is -1 - -231?
230
In base 10, what is -5566 - 2?
-5568
In base 6, what is 20114 - 4?
20110
In base 8, what is -4 - -1304?
1300
In base 12, what is 3 + b76?
b79
In base 4, what is 11 - 11302?
-11231
In base 3, what is 1111 - -11?
1122
In base 7, what is 143 + -12?
131
In base 8, what is 0 + -274?
-274
In base 5, what is 2243 - 114?
2124
In base 11, what is -5 + -17?
-21
In base 13, what is 30c4 + 2?
30c6
In base 7, what is 3 + 1?
4
In base 16, what is -36d + 7?
-366
In base 13, what is 5 - -1c?
24
In base 10, what is 4 + 416?
420
In base 6, what is 34 + 4?
42
In base 7, what is -4 + -210?
-214
In base 13, what is -30 - -1a5?
175
In base 15, what is -1545 - 5?
-154a
In base 2, what is 11001110 - 0?
11001110
In base 11, what is 4951 - -4?
4955
In base 10, what is 247 + -3?
244
In base 5, what is -22 + 13?
-4
In base 13, what is 4 - -56?
5a
In base 2, what is 101 - 110111101?
-110111000
In base 13, what is -47 + 91?
47
In base 2, what is -1 - 10111100?
-10111101
In base 2, what is 1111 - -111?
10110
In base 9, what is -241 + 0?
-241
In base 9, what is 3 + -60?
-56
In base 14, what is 4 + 1d44?
1d48
In base 2, what is -111 + -101001011?
-101010010
In base 5, what is 242 - -1?
243
In base 2, what is -100 + 1100110000?
1100101100
In base 13, what is 45 + -6?
3c
In base 11, what is -5 + -6?
-10
In base 3, what is -2010 - -1211?
-22
In base 9, what is -23 + -115?
-138
In base 10, what is -3 + 57?
54
In base 14, what is 1 + -3d?
-3c
In base 8, what is -11 - -725?
714
In base 3, what is 11112 - -10?
11122
In base 9, what is -2 - -1033?
1031
In base 15, what is a - -33?
3d
In base 2, what is 11111 + -100101?
-110
In base 3, what is -11102 + -202?
-12011
In base 10, what is 111 - -32?
143
In base 3, what is -100011 - -122?
-22112
In base 10, what is -3 - 799?
-802
In base 12, what is 205 - -1?
206
In base 15, what is 15ca - -7?
15d2
In base 16, what is -1413 + 1?
-1412
In base 7, what is -5 + -21132?
-21140
In base 5, what is -2 - 134104?
-134111
In base 14, what is 217 + -3?
214
In base 6, what is 105 - 0?
105
In base 12, what is -63 - 57?
-ba
In base 3, what is -1 - -1102101?
1102100
In base 2, what is 1011000 + 10?
1011010
In base 9, what is 208 - 0?
208
In base 13, what is 260 - -3?
263
In base 4, what is -20 + -12003?
-12023
In base 6, what is 13 + 434?
451
In base 2, what is 101101000111 + 11?
101101001010
In base 2, what is -11000011000 - 11?
-11000011011
In base 15, what is -22b + 7?
-224
In base 5, what is -242 - -143?
-44
In base 10, what is 124 - -4?
128
In base 4, what is -102 + 23?
-13
In base 10, what is -546 - 4?
-550
In base 4, what is 10033 - -33?
10132
In base 9, what is -5 + -265?
-271
In base 6, what is -13153 + -2?
-13155
In base 4, what is -20 - -200?
120
In base 16, what is ec + 5?
f1
In base 4, what is 123 - -221?
1010
In base 2, what is -100010010110 + -11?
-100010011001
In base 6, what is 22432 + 10?
22442
In base 4, what is 3 + -2031112?
-2031103
In base 6, what is -5 - 4052?
-4101
In base 6, what is -30 - 312?
-342
In base 5, what is 1 + -11?
-10
In base 13, what is -75b - -4?
-757
In base 5, what is 10 + -3020?
-3010
In base 14, what is 2 - -c2?
c4
In base 8, what is 4 + 420?
424
In base 11, what is -1919a + -5?
-191a4
In base 6, what is -11015 - -1?
-11014
In base 10, what is 2 - -46?
48
In base 7, what is -4 - -2313?
2306
In base 11, what is 1871 + -4?
1868
In ba